 are the prime factors of k?
2, 3, 199
Let l(p) = 7056*p - 1112. List the prime factors of l(4).
2, 3389
Let c(g) = g**3 + 15*g**2 - 3*g - 9. Let k(x) = -x**2 + x + 1. Let t(a) = -c(a) - k(a). Let f be t(-14). Let v = f - -74. What are the prime factors of v?
2, 3
Suppose 0 = -z + 4*z - 15. Suppose 0 = 803*x - 730*x + 73. List the prime factors of 227 + (4 - x)/z.
2, 3, 19
Let v(y) be the first derivative of -y**4/4 + 7*y**3/3 - 3*y**2/2 + 9*y + 98. Suppose -2*b + 6 + 4 = 0. List the prime factors of v(b).
2, 11
Let s be (-42)/(-49)*14/(-2). Let z be (1 - (s + 3)) + 326. Suppose -3*q + 9*q - z = 0. What are the prime factors of q?
5, 11
Suppose -10*u - 1224 = 116. Let r be 2/7 + 8390/35. Let f = r + u. What are the prime factors of f?
2, 53
Suppose 322*i = 302*i + 571500. List the prime factors of i.
3, 5, 127
Let l(r) = -7*r**3 + r**2 - 3*r. Let a(v) = -v**3 - v**2. Let f(t) = a(t) - l(t). Let n(k) be the second derivative of f(k). List the prime factors of n(3).
2, 13
What are the prime factors of 5/(-35) + 13 + (-4167030)/(-147)?
2, 5, 709
Let d(j) = 6664*j**2 + 98*j + 99. What are the prime factors of d(-1)?
5, 31, 43
Suppose -2*x = -3*t - 1, 0*t = -4*t - 4*x - 28. Let z be 90/(1 + 1/t). Suppose 10*o - z = o. List the prime factors of o.
3, 5
Suppose 0 = -2*v + 5*o + 4 - 1, 15 = 4*v - o. Suppose 109 = m + 5*b - 195, 3*b + 1262 = v*m. List the prime factors of m.
2, 157
Suppose 5*f + 4*i = 118809, -f + 4*i + 1020 = -22761. What are the prime factors of f?
5, 7, 97
Suppose 54 + 66 = -3*c. Let y be 8*5*(-2)/c. Suppose 3*b = y*b + 90. List the prime factors of b.
2, 3, 5
Let u be 6/2 + (-10)/2 + 2. Let a be 227 - u - (2 + -1). Let m = 378 - a. List the prime factors of m.
2, 19
Let q(m) = -559*m - 1488. What are the prime factors of q(-22)?
2, 5, 23, 47
Let y(h) = 7*h**2 - 10*h - 12. Let u be y(5). Let c = u + 129. What are the prime factors of c?
2, 11
Let c = 114 + 4105. List the prime factors of c.
4219
Let n be 285/75 - 2/(-10). Let q be -5*-2*2/n. Let k(l) = 2*l**2 - 7*l + 1. What are the prime factors of k(q)?
2
Suppose -1649016 = 18*h + 33*h - 4599060. List the prime factors of h.
2, 14461
Let y(q) = 4*q - 2 + 16 - 7 + 14. Let u be y(10). Let n = 72 - u. List the prime factors of n.
11
Let i be ((-1134)/(-45))/(2/15). What are the prime factors of (i/18 - 10) + (-265)/(-2)?
7, 19
Suppose -4*p - 6 = 2*m - 8*p, 5*p + 10 = 0. Let i(r) = 12*r**2 - 2*r + 34. What are the prime factors of i(m)?
2, 3, 53
Let y = -524 + 289. Let b = y - -341. Suppose 41*h - 42*h = -b. What are the prime factors of h?
2, 53
Suppose 2*n - 49988 = -59*f + 54*f, 3*f - 74964 = -3*n. What are the prime factors of n?
2, 3, 347
Let i = 5507 - 4834. What are the prime factors of i?
673
Let y(s) = 2*s**2 + 16*s**2 - 3 - 6*s - 3*s**2 + s**2 - 5*s + s**3. What are the prime factors of y(-10)?
7, 101
Let b = -14 + 6. Let r be 1242/10 - b*5/50. Let a = 405 - r. List the prime factors of a.
2, 5, 7
Let a be (-10)/(-65) + 317334/(-26). List the prime factors of (2/6)/(-9 + a/(-1356)).
2, 113
Suppose 3*b + 62 + 16 = 0. Let g = 31 + b. Suppose -162 = 2*z - g*z. What are the prime factors of z?
2, 3
Suppose 639144 = 13107*s - 13095*s. What are the prime factors of s?
2, 3, 11, 269
Suppose 168*r = 3187261 + 2509115. What are the prime factors of r?
41, 827
Suppose 97 = -4*o + 109. Suppose -4*f + 24 = -4*y, -o*f = -4*f - 5*y. Suppose -f*r - 15 = 0, 5*x + 0*x = 5*r + 955. What are the prime factors of x?
2, 47
What are the prime factors of -1*(-11682 - -19) - 8/(-1)?
11, 1061
What are the prime factors of 2/(-6)*(-44 - 32260) - -1?
11, 89
Let w(h) = -6075*h - 5. Let n be w(4). What are the prime factors of n/(-45) + (-7)/63?
2, 3, 5
Suppose -116808 = -4*z + 3*m, 0 = z - 3*m - 15016 - 14186. List the prime factors of z.
2, 3, 31, 157
Suppose -3*m + 104139 = 3*t, 64*t + 34715 = m + 63*t. What are the prime factors of m?
2, 17, 1021
Suppose -167184 - 5079 + 23578 = -131*t. List the prime factors of t.
5, 227
Suppose 20*l - 6096 - 21464 = 0. Suppose 4*n = -4*k + 2732, l = 2*k + 25*n - 29*n. List the prime factors of k.
5, 137
Let o(y) = 19*y**3 + y**2 + 4*y + 2. Suppose -4*w - 3*k = 2, 0*k - 4 = 3*w + k. Let i be o(w). Let n = 15 - i. What are the prime factors of n?
13
Let z be 84/15 - 2/(-5). Suppose -z*h + 6 = 24. What are the prime factors of -4 + h + 3 + 95?
7, 13
Suppose 0*y = -15*y + 30. Suppose 3*b = 4*o - 2*o - 17, -10 = 2*b. Suppose -y*d + 73 = o. What are the prime factors of d?
2, 3
Let d(u) = -32*u - 16. Let m be d(-3). Let q be 10/(-45) - (m/9)/(-4). Suppose q*h - 3*w = 36, h = w + w + 16. What are the prime factors of h?
2, 3
Let n be ((-26)/39)/((-6)/9567). Let x = n + -95. What are the prime factors of x?
2, 11
Let c = 12450 - 6537. What are the prime factors of c?
3, 73
Let w be 90/(-21) - 16/(-56). List the prime factors of (-1)/(w/(-8)) - -704.
2, 3, 13
Let k(j) = 56*j**2 - 8*j + 6. List the prime factors of k(4).
2, 3, 5, 29
Let r(j) be the third derivative of -j**6/60 - j**5/6 + j**4/3 - 2*j**3/3 - 4*j**2. Let l be r(-6). Suppose 3*u = l + 199. What are the prime factors of u?
73
Let c = -4448 - -8447. What are the prime factors of c?
3, 31, 43
Let i(a) = -639*a + 156. Let o(z) = 959*z - 235. Let g(h) = -8*i(h) - 5*o(h). What are the prime factors of g(4)?
5, 239
Let s(x) = 449*x**2 + 6*x + 3. Let b be s(-2). Let h = 1263 - b. List the prime factors of (-1)/(-3)*-2 + h/(-12).
43
List the prime factors of (0 + 13554 - 0)/(861/574).
2, 3, 251
Let m(o) = -156*o**2 - 24*o - 11. Let w(v) = 2*v**2 - 1. Let f(s) = -m(s) + 6*w(s). List the prime factors of f(-3).
5, 17
Let x(y) = y**3 - 78*y**2 - 55*y + 370. What are the prime factors of x(81)?
2, 11, 709
Suppose 211192 + 677465 = 121*o + 278091. List the prime factors of o.
2, 3, 29
Let u(g) = 205*g + 7341. List the prime factors of u(70).
109, 199
Suppose 0 = -42*s + 52*s - 19300. Suppose -s = -2*b - 158. What are the prime factors of b?
2, 443
Let y(j) be the third derivative of 0 + 0*j - 15*j**2 - 1/24*j**6 - 1/6*j**4 - 1/2*j**3 - 1/60*j**5. What are the prime factors of y(-2)?
41
Let a be (-1 + (-5)/10)*2/(-3). Let k(z) = 108*z**2 - 2*z + 2. Let r be k(a). Suppose 2*t + 88 - r = 0. What are the prime factors of t?
2, 5
Let u(p) = -19*p**3 - 53*p**2 + 135*p + 16. List the prime factors of u(-16).
2, 3, 647
Let c(o) = o**2 - 7*o - 10. Suppose 4*w = w - b - 278, 2*w + 2*b + 180 = 0. Let j = w + 89. List the prime factors of c(j).
2, 5
Let d(y) = -5*y**3 - 4*y + 5. Let h be d(4). Let j = 844 + h. What are the prime factors of j?
3, 19
Let k be 8/36 + (-54796)/(-63). Let g = -278 + k. What are the prime factors of g?
2, 37
Let z(s) = 2*s**3 + 7*s**2 + 278*s - 284*s - 3*s**3. Let g be z(6). What are the prime factors of (16 - 13)/(g - (-3)/2)?
2
Let j = 179 + -181. Let q(f) = -3*f**3 - 4*f**2 - 5*f. List the prime factors of q(j).
2, 3
Let i = 51 - 52. Let z(d) = d. Let s be z(i). Let j(p) = 62*p**2 + 3*p + 2. What are the prime factors of j(s)?
61
Let x = 13649 - 6816. List the prime factors of x.
6833
Suppose -2*g = 5*l - 1030 - 12346, 40232 = 6*g + 2*l. What are the prime factors of g?
2, 3, 13, 43
Let z be (-5 + -1)*(-1 + 5/3). Let b be ((-10)/z + -2)*(-180)/(-6). What are the prime factors of 1225/b - (-6)/(-9)?
3
Let t(z) = 249*z**2 + 534*z + 4217. What are the prime factors of t(-8)?
15881
Suppose -21 = -3*c, -15*v = -18*v + 4*c + 127220. What are the prime factors of v?
2, 11, 241
Let z(r) = 2*r - 75. Let j be z(30). Suppose 2*v = 3*v + 181. List the prime factors of j/5 - (-1 + v).
179
Let n = -1476 + 3680. List the prime factors of n.
2, 19, 29
Let x be ((-28)/4 - 50)/(3/(-8)). Suppose -150*c + x*c - 8 = 0. Suppose 194 = p - 4*z, 3*z - 836 = -c*p - z. List the prime factors of p.
2, 103
Let c = -132 - -78. List the prime factors of 2/(-5) - c/(-15) - -90.
2, 43
Suppose -5*b + 9*b + 144 = 0. Let k = b + 42. Suppose k*h = 294 + 150. List the prime factors of h.
2, 37
Suppose -212*x + 11398351 = -2371473. What are the prime factors of x?
2, 23, 353
Suppose -230208 = 20*k - 64*k. What are the prime factors of k?
2, 3, 109
Suppose 47*z - 42*z - 250 = 0. Let h = 90 - z. Let l = 90 - h. What are the prime factors of l?
2, 5
Let k(b) = -43*b + 19 + 5*b**2 + 10 - 5. List the prime factors of k(11).
2, 3, 13
Let i(c) =